 -6*j - 22. Let g(n) = 847*n**2 - 5*n - 1. Is g(j) prime?
False
Suppose 38*t - 20626 = 35652. Is t prime?
True
Let u(j) = 443*j**3 + j**2 + 1. Let y = 62 + -34. Let q = y + -27. Is u(q) a prime number?
False
Let z be 430/(-25) - (-12)/(-15). Let t = 17 + z. Is ((-2431)/34)/(t/2) a prime number?
False
Let i be -3 - -6 - 261/3. Let o = 137 + i. Is o prime?
True
Suppose -5*p = -12*p + 1988. Let l = p + 95. Is l a prime number?
True
Suppose q - 441 = 4*q. Let j(t) = t**2 + 6*t - 4. Let f be j(-6). Is q*(0 - f/(-12)) composite?
True
Let m(j) = -7*j + 2*j - 4 - j**2 + 0*j**2. Let p(v) = v**2 + 16*v - 3. Let t be p(-16). Is m(t) composite?
False
Let g(u) = -u - 1. Let r be g(-11). Let t be (-516)/(-26) - r/(-65). Is 10/t - (-1146)/4 prime?
False
Let s = -22939 - -72362. Is s composite?
True
Let t(d) = -226*d + 59. Is t(-14) prime?
False
Let v(i) = -318*i - 1. Let s be v(-1). Let z = 200 + s. Is z prime?
False
Let h(f) = f**3 + 5*f**2 - 5*f - 5. Let i be h(-5). Let b be i/6*(-6)/(-4). Suppose 4*w = b*d + 192, w - 3*d = -7 + 48. Is w a composite number?
False
Suppose 0 = 4*u - 5*m - 21, u + 6*m = 2*m - 21. Let j be u - (2 - (11 - 3)). Suppose 2*g - 55 - 685 = -4*l, -3*g = j*l - 923. Is l prime?
False
Let s be -3 - (-9 + 0 + 3 + -2). Let d(b) = 3*b**3 + 5*b**2 - 7. Is d(s) prime?
False
Suppose -3*a - n = 382, 0 = -5*n + 21 + 4. Suppose 0*i = 4*i - 3*z + 968, -5*i - 1210 = 2*z. Let d = a - i. Is d a composite number?
False
Suppose 0 = 2*r + r - 24. Let k be -2 - r/(-2) - -598. Suppose 0*u - 2*j - 588 = -4*u, -j + k = 4*u. Is u composite?
False
Let b(u) = u**3 + 4*u**2 - 2. Let m be b(-4). Let n be (3/m)/(8/1696). Let i = 523 + n. Is i a prime number?
False
Let k be (-1)/5 + 36/5. Let b(n) = 1 + 34*n - 3 - k. Is b(4) prime?
True
Let r(b) = 2*b**2 - 6*b. Let x be r(4). Suppose 20 = -3*d + x*d. Is (-2)/d*(-6 + -100) composite?
False
Let z(o) = -2*o**2 + 15*o - 7. Let q = 46 - 40. Is z(q) a composite number?
False
Let w(q) = -46*q - 7. Let k(t) = t + 3. Let p be k(3). Suppose f = -f - p. Is w(f) a composite number?
False
Suppose -9*b + 2786 + 20101 = 0. Is b a prime number?
True
Is 78/2*93/9 prime?
False
Let a = 43 - 84. Let h = a + 72. Let w = h + -20. Is w prime?
True
Suppose 0*j + 2*j = -2*j. Suppose j = -3*h + 441 + 678. Is h a prime number?
True
Suppose 5 = 4*u - 3. Suppose -2*z = -0*l + u*l - 162, 2*l - z - 150 = 0. Is l a prime number?
False
Let y(d) be the first derivative of 2*d**3 + 7*d**2/2 + 14*d + 3. Suppose 18*i + 45 = 13*i. Is y(i) a composite number?
True
Suppose 170 + 2 = w. Let i(r) = -r**2 + r + 3. Let l be i(0). Suppose -l*z = -z - w. Is z a prime number?
False
Suppose -3*w + 3 = -3. Let m(i) = i**3 + 7*i**2 - w*i - 8*i + i - 5. Is m(-6) a composite number?
True
Is (27 + -29)*133180/(-8) composite?
True
Suppose 37 = 5*x - 33. Suppose x*a - 8*a = 20652. Is a a composite number?
True
Let o = 181 + -165. Let i = -14 - -9. Let l = o - i. Is l prime?
False
Suppose -31*g + 34*g = 2*m + 27039, -m + 18019 = 2*g. Is g a composite number?
False
Suppose -2*u + 3*f + 97 = 0, 3*u - 254 = -2*u - 4*f. Let a = u + -12. Is a prime?
False
Suppose -19*x - 36725 = -24*x. Suppose 2707 = 4*q - x. Is q composite?
True
Let j be (-4)/(-20) + 0 + (-58)/(-10). Suppose j*m - 2150 = 2344. Is m composite?
True
Is 14251*-15*(-27 + 12)/45 composite?
True
Let l = -448 - 1393. Let g = 3598 + l. Is g prime?
False
Let g(o) = -1199*o + 8. Let u be g(-1). Let a = u + -650. Is a composite?
False
Let w = 1 + -5. Let r(d) = -270*d + 17. Is r(w) a composite number?
False
Suppose -16*d = -16796 - 596. Is d a prime number?
True
Suppose 73 = -2*q - 687. Is (q/(3 - 1))/(-1 + -1) composite?
True
Let k = 376 + -1106. Let r = k + 1119. Is r composite?
False
Let w(b) = b**3 - 6*b**2 - 9*b + 2. Let g = -19 - -29. Let o be w(g). Suppose c - 59 = -5*x, -4*c = 2*x - x - o. Is c a composite number?
False
Let j(h) be the first derivative of 82*h**3/3 + 5*h**2/2 + 2*h + 9. Let v(n) = 82*n**2 + 6*n + 3. Let i(p) = 4*j(p) - 3*v(p). Is i(2) a prime number?
True
Let f(n) = -2*n**3 + 2*n**2 - 5*n + 5. Is f(-4) a prime number?
False
Let m be -282 + ((-2)/1 - -3) + -1. Let d = m - -2243. Is d composite?
True
Suppose -5*w - 6903 = -2*i - 1394, 10973 = 4*i + 5*w. Is i a composite number?
True
Let p(h) = -3*h + 1 + 1 + 3*h**2 + 5 + 0*h**2. Is p(4) a prime number?
True
Let d(x) = -2*x**2 + 11*x + 8. Let w be d(6). Suppose f = m + 164, 2*f - 333 = -w*m + 5*m. Is f a prime number?
False
Suppose -d + 0*d - 11 = 3*w, 3*d = -3*w - 3. Suppose -g + 242 = 4*o - 219, -2*o + 1802 = d*g. Is g composite?
False
Let r(p) = 2*p**2 + 5*p - 23. Let t(h) = -h**2 - 3*h + 11. Let n(o) = 6*r(o) + 11*t(o). Is n(-7) prime?
True
Suppose 0*s + s - 3*t + 3 = 0, 0 = -3*t + 6. Suppose s*m = 7*m - 3748. Is m a composite number?
False
Let g(p) be the third derivative of -p**6/60 - p**5/30 + 7*p**4/12 - p**3/3 - 33*p**2. Is g(-6) composite?
True
Is ((-1361)/4)/(36/(-1872)) composite?
True
Let i = 1215 - 359. Suppose 4137 - i = 5*w - 3*a, 3*w = -2*a + 1961. Is w prime?
False
Let u = 33 - 35. Let v be (16/(-32))/(u/192). Suppose -x + v + 113 = 0. Is x a composite number?
True
Let p be (-1 - -4 - -10592) + -4 + 7. Let v = p - 5163. Is v composite?
True
Let a(x) = 731*x + 30. Is a(13) a prime number?
True
Suppose 3*i + 3*p + p - 8 = 0, 3*i = -2*p - 2. Let q be 1/(-2) - (-2)/i. Let h(n) = 9*n**2 - 2*n - 1. Is h(q) a prime number?
False
Suppose -4*o = 3*r - 190405, 4*r - 253873 = -6*o + o. Is r a composite number?
False
Is (-1995)/(-2)*2 - (5 + -1) a prime number?
False
Is (8902 - -2) + (-140)/28 composite?
True
Let p(i) = 3*i - 18. Let q be p(8). Let v(x) = 2*x**3 - 9*x**2 + 9*x - 5. Is v(q) a composite number?
False
Let x(h) be the second derivative of 7*h**4/3 - 3*h**3/2 - 6*h**2 + 29*h. Is x(-5) a prime number?
True
Is (78135/6)/(15/6) a composite number?
False
Let d = -7 + 2. Let j = 9 + d. Suppose -j*t + 341 = -503. Is t prime?
True
Let v(c) = -222*c + 6. Let d be v(5). Let g(u) = u**2 - 8*u + 10. Let f be g(51). Let n = d + f. Is n a composite number?
True
Is 409*4*(-7)/(-28) a prime number?
True
Let a = 8 - -1. Let s = 13 - a. Suppose -1028 = -s*x - 2*b + 3*b, -5*b = 0. Is x a composite number?
False
Let y be (-2)/11 - (-72)/33. Let c be 49 - 4*1/y. Let a = c + -25. Is a prime?
False
Let b(n) = 3*n - 17. Let r be b(7). Is r/10 + 16412/20 a prime number?
True
Suppose -3*l = -m - 14, 2*m + 2*l = -4 - 8. Is (-2011)/m - 24/64 composite?
False
Let z(s) = 19*s**2 - 20*s + 17. Is z(-24) a composite number?
True
Suppose -26002 = -2*s - 4*o, 5*o + 6051 + 19951 = 2*s. Is s a prime number?
True
Let i(y) = -y + 3. Let k be i(0). Suppose -k*q = -3*v - 3, v - 6*v + 10 = 0. Is (88 - (-3)/q)/1 a composite number?
False
Suppose -3*o + 23 = -4*r, -6 = -2*r - 0*o - 2*o. Let z(h) = -20*h + 3. Let g(c) = 19*c - 4. Let f(q) = 3*g(q) + 4*z(q). Is f(r) composite?
True
Is (-9)/81 + (-106548)/(-54) prime?
True
Let c(u) = u**2 + 4*u - 2. Let h be c(-6). Let v be (h - 2)*(-394 - 7). Is 1/(-1*4/v) prime?
False
Suppose l + 7*l = 29688. Let c = 5506 - l. Is c a composite number?
True
Let f = 21 + -40. Let l = -12 - f. Let r(a) = a**3 - a**2 + a - 8. Is r(l) a composite number?
False
Suppose 28 = -10*s + 8*s. Is (-2090)/s - (-28)/(-98) a prime number?
True
Suppose -2*x = -25027 - 1491. Is x prime?
True
Let a(i) = -i**3 - 4*i**2 + 2*i - 11. Let c be a(-5). Suppose -5*g = -z - 40221, -z = -c*g + 15014 + 17162. Is g prime?
False
Suppose -24 = -q - 3*w, 2*q - w = q + 36. Let k = 74 - q. Is (k - -2)*(-7)/(-7) prime?
True
Let f(m) = 159*m + 62. Is f(13) a composite number?
False
Let w = -3 - -10. Let x(b) = -8 - 10*b**2 + 2*b + 11*b**2 - 3 + 1. Is x(w) a prime number?
True
Suppose 20 = 4*y - 2*w, y - 24 = -3*y + 3*w. Suppose a = -v + 4, -2*v - 12 = -y*a - v. Suppose 0 = -3*r - a*j + 247, -4*r - 5*j + 405 = r. Is r prime?
False
Suppose -4610 = -5*h + 3*t, 16*h + 922 = 17*h - 5*t. Is h prime?
False
Let n be (-16)/6*45/(-30). Suppose 0*c + 3*c = b - 941, n = -c. Is b a composite number?
False
Let g(z) = z**3 + 50*z**2 - 8*z - 56. Is g(-29) composite?
False
Suppose 250 = -4*l - 158. Let r = l + 509. Is r a prime number?
False
Let u(p) = p**2 + 9*p + 3. Suppose -9*t - 40 = -4*t. Let f be u(t). Is f/15 - 262/(-3) a composite number?
True
Let g(x) = x**3 + 7*x**2 + 3*x + 2